 Let c be f(-16). Suppose -6 = 6*j - c*j. Let y(x) = -x - 36 + 36 + 7*x**j. Calculate y(1).
6
Suppose -103*y = -99*y - 4*k - 32, 2*y = 5*k + 28. Let r(z) = -z**3 + 5*z**2 - 7. Give r(y).
9
Let p(v) = 13*v - 10. Let y(w) be the second derivative of w**3/3 - w**2/2 - 4*w - 3. Let t(u) = -p(u) + 6*y(u). Let n be 2 + (-2 + 0)/1. Give t(n).
4
Let b(s) = -4*s + 28. Let r be b(8). Let f be 6/r*80/(-24). Let p(o) = 2*o + 4 - 5*o**2 - f - 1 + 2*o**2. Give p(2).
-10
Suppose 126*g + 132 + 246 = 0. Let h(v) = 4*v**3 + 2*v + 1. Give h(g).
-113
Let w(k) = 12*k + 50*k - 81*k + 17*k - 28. Determine w(-9).
-10
Let o(d) = 2*d + 4. Let h be o(-4). Let g be 1 + (h/(-6))/(10/(-75)). Let i(t) be the third derivative of -t**5/30 - 5*t**4/24 + t**3/2 - t**2. Give i(g).
-9
Let h(r) = 3*r**2 - 4*r - 2. Let k = -3001 + 3004. Calculate h(k).
13
Let c(h) = -2*h**2 + h - 5. Suppose 15*u - 167 + 107 = 0. Let i(t) = t**2 + 2. Let r(z) = u*c(z) + 10*i(z). What is r(-4)?
16
Let f(d) = d**2 + 3*d - 5. Let p = 1192 - 1198. What is f(p)?
13
Let a(j) = -j**3 + 8*j**2 + j - 1. Let d(t) = t**3 + 3*t**2 + 2*t + 12. Let f be d(-4). Let o be 2/12 - 47*2/f. Calculate a(o).
7
Let f(g) = -g**2 + 11*g - 4. Let k(y) = y - 1. Let p be 4*(-5)/40*2. Let u(c) = p*f(c) + 3*k(c). Give u(6).
-11
Let b(n) = n**3 - 8*n**2 - 2*n + 5. Let k = 234 - 126. Let r = k - 100. Give b(r).
-11
Let m(o) = 2*o**2 + 35*o + 23. Let t = -13234 - -13215. Calculate m(t).
80
Let d(j) be the first derivative of -j**3/3 + j**2/2 + 6917. Let z(y) = 2*y - 9. Let n be z(6). Determine d(n).
-6
Let y be 4928/272 - 2/17. Let q be 2 - y/(6 + 3). Let s(h) = -h - 13. What is s(q)?
-13
Let u(i) be the first derivative of -6*i**2 + 9 + 0*i + 5/24*i**4 - 1/2*i**3. Let r(a) be the second derivative of u(a). Calculate r(4).
17
Suppose 5*x + 5*q - 30 = -0, 0 = -2*x + 2*q - 4. Suppose x*o - 2*h = 0, 3*h + 8 = -2*o + 33. Let r(p) = p**2 + 1 + o + 2. Give r(0).
8
Suppose -16*x + 10*x = -774. Let y be 40/(-60)*x/(-2). Suppose -y*h + 41*h - 12 = 0. Let s(b) = b**2 + 4*b - 3. What is s(h)?
9
Let w(t) = 6598*t - 2 - 1559*t - 5041*t. Let d be ((-2)/(-5))/(1/(-5)). Determine w(d).
2
Let u(x) = 1 + 244*x + 1 + 237*x - 716*x + 241*x. What is u(7)?
44
Let i be (-1)/(-2) - (-3009)/34. Let r(x) = 96 - 3*x - 183 + i. Suppose -4*y + 7 = -1. What is r(y)?
-4
Let v(m) = -m**2 - 4*m + 1. Let o be v(-4). Let b(f) = -13*f + 67. Let c be b(5). Let z(a) = 1 + 5*a - 4*a**c - 18*a + 5*a + 6*a. Determine z(o).
-5
Let q(j) = -j - 5. Let k be (12/32*-2)/((-3)/8). Suppose k = -x - 1. Calculate q(x).
-2
Let v(s) be the first derivative of -15 - 5/2*s**2 + 12*s + 5/12*s**4 - 1/20*s**5 + 0*s**3. Let u(k) be the first derivative of v(k). Give u(4).
11
Let h be (-4)/3*1161/1548. Let n(i) = 27*i + 9. What is n(h)?
-18
Let t(m) = -20*m. Let y(f) = -125*f - 37. Let a(z) = 6*t(z) - y(z). Calculate a(-11).
-18
Let r(u) = 4149*u - 1036*u - 1036*u - 1 - 1035*u - 1036*u. Determine r(-13).
-79
Let l(d) = -d**3 + 5*d**2 - d. Let p be (9 + -13)*(-45)/20. Suppose -u + v = -7, -5*u + 6*u = 2*v + p. Give l(u).
-5
Let f(b) = -b**3 - b**2 - 20*b + 1. Let t(n) = -6*n**3 - 22*n**2 - 102*n - 34. Let s(u) = -5*f(u) + t(u). Calculate s(-17).
-5
Let z(t) = -2 + 1678*t**2 + 1677*t**2 + 2*t**3 + 1 + 1678*t**2 - 5030*t**2. Let d(i) = -i**2 - 17*i - 2. Let s be d(-17). Determine z(s).
-5
Let d(a) be the third derivative of -1/60*a**5 - 5/6*a**3 + 0 + 0*a + 1/3*a**4 - 11*a**2. Let v be d(6). Let s(w) = -w - 7. What is s(v)?
-14
Let l(o) = 4*o - 49. Suppose -56 = -4*p - 5*v, -16*v - 8 = -14*v. Give l(p).
27
Let t(z) = -z. Let w(r) = r + 12. Let u be w(-6). Suppose 40*j - 704 = 8*j. Suppose -u*a - j = 8. Calculate t(a).
5
Let t(g) = 2*g**3 + 35*g**2 + 58*g - 2. Let p(h) = 7*h**3 + 123*h**2 + 203*h - 7. Let r(b) = -5*p(b) + 18*t(b). Calculate r(-13).
-40
Let x(y) be the second derivative of -y**3/6 + 5*y**2 - y. Let z(s) = -2511*s + 10050. Let p be z(4). Determine x(p).
4
Let g(z) = -2*z**3 + 12*z**2 - 3*z - 3. Let t = -793 - -799. Calculate g(t).
-21
Let x(q) = -3*q + 3. Let u be -3 - (251/3)/(1/(-3)). Let m = 170 - u. Let t = -73 - m. Give x(t).
-12
Let d(p) = p - 2. Let l(t) = -13. Let h be 63/45*-1 - 4/(-10). Let y(w) = h*l(w) + 2*d(w). Determine y(-9).
-9
Let l(t) be the second derivative of 18*t + 0 + 0*t**3 + 0*t**4 - 1/120*t**6 + 1/30*t**5 - 15/2*t**2. Let b(i) be the first derivative of l(i). Calculate b(2).
0
Let m(h) = -h**3 - 19*h**2 + 416*h + 5. Let x be m(-32). Let z(k) = 3*k - 17. Calculate z(x).
-2
Let q(b) = 3*b + 11. Let d(g) = 2*g + 9. Let k = 301 - 304. Let j(v) = k*q(v) + 4*d(v). Determine j(5).
-2
Let h(y) = -864*y - 876. Let k be h(-1). Let u(z) = 13*z + 2 + z**2 + 19 - 3. Determine u(k).
6
Suppose 15*k - 63 = 18*k. Let x = k - -26. Let p(d) = -x + 3 + 3 + 374*d - 367*d. Calculate p(1).
8
Let w(j) = -8 - 1 + 5 + j + 3. Let b(o) = 13*o - 7*o + 0*o - o. Let q(v) = b(v) - w(v). Calculate q(-2).
-7
Suppose -5*f = -10*f + 4*g - 105, -f + 2*g = 21. Let p be 6*(2 + 49/f). Let o(u) = 2*u**3 + u**2 - 4*u - 2. Calculate o(p).
-6
Let a(s) be the second derivative of 5*s**3/2 - 107*s**2/2 - 1343*s. What is a(6)?
-17
Let b(l) = -l. Let y(g) = 414*g**3 - g - 413*g**3 + 2 + g**2 + 5. Let z be y(-3). Let w be (-3)/(-2)*z/6. Give b(w).
2
Suppose 0 = s + 5*y + 1 - 0, 5*s + 31 = y. Let r(m) = m**2 + 8*m + 12. Determine r(s).
0
Let w = -32 - -36. Suppose w*d = 11 + 9. Suppose 0 = -m + d*m + 3*p + 3, 0 = m + 5*p + 5. Let u(c) = -c**3 + c**2 - 1. Determine u(m).
-1
Let t(n) = -n**3 - 7*n**2 + 4. Suppose 28 - 178 = -6*l. Suppose l = 5*o - 10. Suppose o = -5*s + 4*s. Determine t(s).
4
Let p(s) = -17*s**2. Let u = 828 + -933. Suppose 3*c - 2*c - 425 = 4*g, -3*g - 319 = -c. Let q = u - g. Determine p(q).
-17
Let k(i) be the second derivative of -i**2 + 86*i - 2. Let x(y) = 3*y + 3. Let l(o) = -4*k(o) - x(o). Give l(6).
-13
Let q(d) = d**3 + 3 + 5*d**2 + 2 + 4*d + 0*d**3. Let c be (14/(-4))/(10*14/160). Give q(c).
5
Let z(s) = 10*s + 30. Let k(c) = -5*c - 14. Let r(d) = 13*k(d) + 6*z(d). Let b(p) = 19*p + 7. Let t(n) = 2*b(n) + 7*r(n). What is t(4)?
12
Suppose -1628*n + 1604*n = -72. Let c(r) = -6*r**3 + 3*r**2 - 8*r + 3. Calculate c(n).
-156
Let v(m) = m - 22. Suppose -4*c + 42 = 2*k, 3*c = c + 5*k + 27. Determine v(c).
-11
Let a(r) = -r**3 + 3*r - 4. Let z(s) = -2*s**2 + 1. Let h(g) = 4*g**3 + 9*g**2 - 12*g + 13. Let y(q) = -h(q) - 4*z(q). Let j(m) = 9*a(m) - 2*y(m). What is j(3)?
-2
Let r(g) = g**3 + 12*g**2 - 14*g - 1. Let f = 5187 - 5200. Determine r(f).
12
Let n(c) be the first derivative of 3*c**2/2 - 5*c + 12. Let o(u) = -2*u**2 + 23*u + 6. Let x be o(0). Calculate n(x).
13
Suppose 349*i + 130 = 323*i. Let c(n) = -n**3 - 5*n**2 + 3*n - 12. Determine c(i).
-27
Let i(c) = -3*c**2 + 8*c - 34. Let l(m) = -m**2 + 4*m - 15. Suppose -3*v + 13 = 5*w, w = -2*w + 5*v + 35. Let s(z) = w*l(z) - 2*i(z). Determine s(-7).
14
Let z(h) be the third derivative of -h**4/24 - 3*h**3 + 377*h**2. Give z(17).
-35
Let l(c) = 3*c - 6. Let a(r) = 57*r + 116. Let b be a(-2). Calculate l(b).
0
Let a(c) = -c**3 - 6*c**2 - 7. Suppose h = -8*h. Suppose h = -3*d + 6 - 0. Suppose -5*i = 2*b + 24, -3*i - d*b + 3*b = 21. What is a(i)?
-7
Let d(k) = k**2 - 9*k - 14. Let a be d(10). Let u(o) = o**2 + 18*o + 47. Give u(a).
-9
Let s(j) = -j**3 - 6*j**2 + 10*j - 7. Let k be (-4)/2*490/140. Calculate s(k).
-28
Let w(b) = -b + 1. Suppose 0 = -4*f - 3*d - 324, f - 5*d - 316 = 5*f. Let v(t) = -3*t**2 - 4*t. Let o be v(-6). Let h = f - o. Calculate w(h).
1
Let v(c) be the third derivative of 14*c**2 - 1/4*c**4 + 0*c + 0 + 55/6*c**3. Let g be v(10). Let i(m) = -m**3 - 5*m**2 - 3*m - 7. What is i(g)?
8
Let u(m) = -m - 8. Suppose 0 = -0*t - 4*t - 292. Let j = 68 + t. Let k be (2*(-3)/(-6))/(1/j). Give u(k).
-3
Let w(b) = 26*b**2 - 237*b + 235. Let a be w(8). Let r(n) = -1. Let j(m) = -8*m - 10. Let h(l) = j(l) - 8*r(l). Calculate h(a).
-26
Let s(j) = 4*j - 6*j - 12 - 1293*j**2 - 9*j + 1294*j**2. What is s(12)?
0
Let f(c) = -2*c**2 - 4*c. Suppose 0 = -3*n + q + 60, 2*n + 48 = 4*n + 2*q. Let y be n/(-6)*(-4)/7. Suppose k - y*k - 4*v = -17, -3*v = 4*k - 3. Give f(k).
-6
Let n(k) be the third derivative of k**4/24 + k**3/3 - k**2 + 395*k. Suppose -2*b + 3*o = 12, b + 5 = -2*b - 2*o. Calculate n(b).
-1
Let z = 4 + -2. Let v = -134 + 135. Le